38?
1512
What is the remainder when 764462 is divided by 254773?
143
Calculate the remainder when 17102257 is divided by 18136.
9
Calculate the remainder when 16754974 is divided by 14.
12
What is the remainder when 17027 is divided by 5425?
752
Calculate the remainder when 6845294 is divided by 254.
248
What is the remainder when 373685 is divided by 19655?
240
Calculate the remainder when 2209897 is divided by 98.
95
Calculate the remainder when 1328986 is divided by 2348.
18
Calculate the remainder when 2316899 is divided by 1441.
1212
Calculate the remainder when 85267 is divided by 252.
91
What is the remainder when 22965213 is divided by 452?
449
Calculate the remainder when 6896076 is divided by 36681.
48
Calculate the remainder when 3507877 is divided by 11136.
37
Calculate the remainder when 8898019 is divided by 12.
7
Calculate the remainder when 32166150 is divided by 27.
24
What is the remainder when 26005113 is divided by 4?
1
What is the remainder when 88728778 is divided by 1462?
1460
Calculate the remainder when 1762630 is divided by 1762613.
17
Calculate the remainder when 1134665 is divided by 615.
605
Calculate the remainder when 4229152 is divided by 67.
45
What is the remainder when 60028 is divided by 2389?
303
Calculate the remainder when 44946 is divided by 1655.
261
What is the remainder when 6255983 is divided by 1299?
1298
What is the remainder when 20300106 is divided by 1935?
21
Calculate the remainder when 551487 is divided by 551340.
147
What is the remainder when 33378 is divided by 2567?
7
Calculate the remainder when 8283016 is divided by 487230.
106
Calculate the remainder when 177365 is divided by 8732.
2725
Calculate the remainder when 205515 is divided by 1466.
275
What is the remainder when 217169 is divided by 2285?
94
What is the remainder when 15181345 is divided by 14?
11
What is the remainder when 22114577 is divided by 745?
742
What is the remainder when 129461389 is divided by 501?
484
What is the remainder when 59244 is divided by 4557?
3
Calculate the remainder when 29518 is divided by 2084.
342
What is the remainder when 65518980 is divided by 478?
476
Calculate the remainder when 614264 is divided by 4280.
2224
What is the remainder when 4296487 is divided by 303?
250
What is the remainder when 518636 is divided by 4275?
1361
Calculate the remainder when 77738940 is divided by 377.
32
What is the remainder when 709670 is divided by 354780?
110
Calculate the remainder when 340813022 is divided by 17.
14
What is the remainder when 13198491 is divided by 2216?
2211
What is the remainder when 502601502 is divided by 7035?
7032
What is the remainder when 1248148 is divided by 2123?
1947
What is the remainder when 1279646 is divided by 29079?
170
What is the remainder when 8124284 is divided by 902697?
11
What is the remainder when 9930495 is divided by 3310158?
21
Calculate the remainder when 86577 is divided by 111.
108
Calculate the remainder when 203111 is divided by 13540.
11
What is the remainder when 868913 is divided by 217062?
665
What is the remainder when 582883 is divided by 660?
103
What is the remainder when 879369 is divided by 599?
37
What is the remainder when 25985764 is divided by 47?
28
What is the remainder when 59460 is divided by 4224?
324
What is the remainder when 2135275 is divided by 19?
17
What is the remainder when 5251642 is divided by 291757?
16
What is the remainder when 40045274 is divided by 264?
170
Calculate the remainder when 18750321 is divided by 9771.
9543
Calculate the remainder when 235161 is divided by 454.
443
Calculate the remainder when 116223 is divided by 115796.
427
What is the remainder when 432967 is divided by 21?
10
What is the remainder when 9807986 is divided by 1634660?
26
Calculate the remainder when 6773642 is divided by 62.
18
Calculate the remainder when 96628 is divided by 18986.
1698
What is the remainder when 45513 is divided by 2471?
1035
What is the remainder when 23765244 is divided by 1587?
1506
Calculate the remainder when 3365662 is divided by 1682824.
14
Calculate the remainder when 2823139 is divided by 84.
67
Calculate the remainder when 221504 is divided by 110438.
628
What is the remainder when 164300538 is divided by 4?
2
What is the remainder when 17512051 is divided by 68?
11
What is the remainder when 42893762 is divided by 283?
18
What is the remainder when 3283109 is divided by 49744?
5
Calculate the remainder when 57407 is divided by 11422.
297
Calculate the remainder when 429960 is divided by 13434.
72
What is the remainder when 218030 is divided by 2107?
1009
Calculate the remainder when 332644 is divided by 1080.
4
Calculate the remainder when 4683409 is divided by 608.
593
What is the remainder when 34596 is divided by 451?
320
Calculate the remainder when 155147266 is divided by 17.
13
What is the remainder when 253299 is divided by 3423?
3420
What is the remainder when 16140916 is divided by 7585?
36
What is the remainder when 5362674 is divided by 357508?
54
What is the remainder when 131233 is divided by 6381?
3613
Calculate the remainder when 46075 is divided by 20459.
5157
Calculate the remainder when 3513856 is divided by 14.
10
Calculate the remainder when 55112631 is divided by 1366.
1361
Calculate the remainder when 71406 is divided by 1253.
1238
What is the remainder when 76973 is divided by 2274?
1931
What is the remainder when 1250277 is divided by 203?
0
Calculate the remainder when 1965448 is divided by 1328.
8
What is the remainder when 83714568 is divided by 1165?
1163
What is the remainder when 24482 is divided by 10586?
3310
Calculate the remainder when 186582 is divided by 46638.
30
What is the remainder when 34455 is divided by 431?
406
Calculate the remainder when 82325 is divided by 27438.
11
What is the remainder when 78562 is divided by 426?
178
Calculate the remainder when 260308 is divided by 17320.
508
What is the remainder when 15952485 is divided by 126?
3
Calculate the remainder when 594182 is divided by 513.
128
What is the remainder when 301719 is divided by 2697?
2352
Calculate the remainder when 27528405 is divided by 763.
128
What is the remainder when 168973489 is divided by 130?
9
Calculate the remainder when 205284415 is divided by 1599.
1597
Calculate the remainder when 600283 is divided by 40015.
58
What is the remainder when 47676 is divided by 2771?
569
What is the remainder when 3625571 is divided by 1812783?
5
Calculate the remainder when 1268509 is divided by 163.
43
Calculate the remainder when 28793516 is divided by 4872.
4868
Calculate the remainder when 2395491 is divided by 212.
103
What is the remainder when 1439641 is divided by 68554?
7
What is the remainder when 290006 is divided by 96170?
1496
What is the remainder when 7642462 is divided by 692?
14
What is the remainder when 6097573 is divided by 17777?
62
What is the remainder when 4620162 is divided by 3738?
3732
What is the remainder when 17212639 is divided by 44?
15
What is the remainder when 17742583 is divided by 1098?
1
Calculate the remainder when 147148 is divided by 420.
148
What is the remainder when 108987710 is divided by 200714?
8
What is the remainder when 510759 is divided by 25?
9
What is the remainder when 831953 is divided by 5546?
53
What is the remainder when 523795 is divided by 58187?
112
What is the remainder when 875891 is divided by 843?
14
What is the remainder when 26435231 is divided by 368?
319
What is the remainder when 15149947 is divided by 25?
22
What is the remainder when 881637 is divided by 2140?
2097
What is the remainder when 176018 is divided by 130?
128
What is the remainder when 206797 is divided by 980?
17
What is the remainder when 363945 is divided by 121159?
468
Calculate the remainder when 130956 is divided by 26155.
181
What is the remainder when 164618776 is divided by 4449156?
4
What is the remainder when 369530 is divided by 10262?
98
Calculate the remainder when 9563280 is divided by 4781632.
16
Calculate the remainder when 4368899 is divided by 112.
3
Calculate the remainder when 63894 is divided by 20392.
2718
What is the remainder when 25910628 is divided by 8148?
8136
What is the remainder when 1587441 is divided by 13?
11
What is the remainder when 